{"id":2841,"date":"2026-03-08T15:03:24","date_gmt":"2026-03-08T14:03:24","guid":{"rendered":"https:\/\/www.hollviksnashusen.se\/?page_id=2841"},"modified":"2026-04-20T11:57:36","modified_gmt":"2026-04-20T09:57:36","slug":"kallelse-till-foreningsstamma-for-brf-hollviksnashusen-2025","status":"publish","type":"page","link":"https:\/\/www.hollviksnashusen.se\/index.php\/kallelse-till-foreningsstamma-for-brf-hollviksnashusen-2025\/","title":{"rendered":"Kallelse till f\u00f6reningsst\u00e4mma f\u00f6r Brf H\u00f6llviksn\u00e4shusen \u00e5ret 2025"},"content":{"rendered":"<p>Datum: Onsdag den 06 Maj 2026 klockan 18:30<\/p>\n<p>Plats: R\u00e4lsv\u00e4gen 6, k\u00e4llaren<\/p>\n<p>Dagordning f\u00f6reningsst\u00e4mma Brf H\u00f6llviksn\u00e4shusen<\/p>\n<p>1.\u00a0 M\u00f6tets \u00f6ppnande<br \/>\n2.\u00a0 Fastst\u00e4llande av dagordning<br \/>\n3.\u00a0 Val av st\u00e4mmoordf\u00f6rande<br \/>\n4.\u00a0 Anm\u00e4lan av st\u00e4mmoordf\u00f6randens val av protokollf\u00f6rare<br \/>\n5.\u00a0 Val av en eller tv\u00e5 justerare tillika r\u00f6str\u00e4knare<br \/>\n6.\u00a0 Fr\u00e5ga om st\u00e4mman blivit stadgeenligt utlyst<br \/>\n7.\u00a0 Fastst\u00e4llande av r\u00f6stl\u00e4ngd<br \/>\n8.\u00a0 F\u00f6redragning av styrelsens \u00e5rsredovisning<br \/>\n9.\u00a0 F\u00f6redragning av revisorns ber\u00e4ttelse<br \/>\n10. Beslut om fastst\u00e4llande av resultat- och balansr\u00e4kning<br \/>\n11. Beslut om resultatdisposition<br \/>\n12. Beslut om ansvarsfrihet f\u00f6r styrelsen<br \/>\n13. Beslut om arvoden \u00e5t styrelse och revisorer f\u00f6r n\u00e4stkommande verksamhets\u00e5r<br \/>\nStyrelsen f\u00f6resl\u00e5r att arvode till styrelsen f\u00f6r kommande verksamhets\u00e5r fastst\u00e4lls till 15 000 kronor per \u00e5r, att f\u00f6rdelas inom styrelsen enligt styrelsens beslut.<br \/>\nMotivering<br \/>\nNuvarande arvode uppg\u00e5r till cirka 6 000 kronor per \u00e5r.<br \/>\nStyrelsen bed\u00f6mer att detta inte st\u00e5r i rimlig proportion till det arbete och ansvar som uppdraget inneb\u00e4r.<br \/>\nStyrelsen f\u00f6resl\u00e5r vidare att arvode till revisor ska vara of\u00f6r\u00e4ndrat.<br \/>\n14. Val av antal styrelseledam\u00f6ter och suppleanter<br \/>\n15. Val av styrelseledam\u00f6ter och suppleanter<br \/>\n16. Val av revisorer och revisorssuppleant<br \/>\n17. Val av valberedning<br \/>\n18. Av styrelsen till st\u00e4mman h\u00e4nskjutna fr\u00e5gor samt av f\u00f6reningsmedlem anm\u00e4lt \u00e4rende<br \/>\n19. St\u00e4mmans avslutande<\/p>\n<p>REVISIONSBER\u00c4TTELSE_2025_Johan Markholm SRF Auktoriserad redovisningskonsult Revisor<\/p>\n<p><a href=\"https:\/\/www.hollviksnashusen.se\/wp-content\/uploads\/2026\/03\/Arsredovisning-2025.pdf\">\u00c5rsredovisning f\u00f6r Brf H\u00f6llviksn\u00e4shusen R\u00e4kenskaps\u00e5ret 2025-01-01 \u2013 2025-12-31<\/a><\/p>\n<p>Om du inte kan delta i st\u00e4mman g\u00e5r det bra att l\u00e4mna fullmakt till styrelsen eller till n\u00e5gon granne.<\/p>\n<p><a href=\"https:\/\/www.hollviksnashusen.se\/wp-content\/uploads\/2023\/04\/fullmakt.pdf\">Print en fullmakt<\/a><\/p>\n<p>Svara nedan senast 29 April, 2025 om du\/ni kommer:<\/p>\n<div class='bootstrap-yop yop-poll-mc'>\n\t\t\t\t\t\t\t<div class=\"basic-yop-poll-container\" style=\"background-color:#ffffff; border:1px; border-style:solid; border-color:#000000; border-radius:0px; padding:10px 10px;\" data-id=\"15\" data-temp=\"basic\" data-skin=\"minimal\" data-cscheme=\"black\" data-cap=\"0\" data-access=\"guest\" data-tid=\"\" data-uid=\"dc1ac4b82eff96a4ea85b05072371359\" data-pid=\"2841\" data-resdet=\"percentages\" data-show-results-to=\"guest\" data-show-results-moment=\"after-vote\" data-show-results-only=\"true\" data-show-message=\"true\" data-show-results-as=\"bar\" data-sort-results-by=\"as-defined\" data-sort-results-rule=\"asc\"data-is-ended=\"1\" data-gdpr=\"no\" data-gdpr-sol=\"consent\" data-css=\"\" data-counter=\"0\" data-load-with=\"1\" data-notification-section=\"top\"><div class=\"row\"><div class=\"col-md-12\"><div class=\"basic-inner\"><div class=\"basic-message \" style=\"border-left: 10px solid #008000; padding: 0px 10px;\" data-error=\"#ff0000\" data-success=\"#008000\"><p class=\"basic-message-text\" style=\"color:#000000; font-size:14px; font-weight:normal;\">Denna omr\u00f6stning tar inte l\u00e4ngre emot r\u00f6ster<\/p><\/div><div class=\"basic-overlay hide\"><div class=\"basic-vote-options\"><\/div><div class=\"basic-preloader\"><div class=\"basic-windows8\"><div class=\"basic-wBall basic-wBall_1\"><div class=\"basic-wInnerBall\"><\/div><\/div><div class=\"basic-wBall basic-wBall_2\"><div class=\"basic-wInnerBall\"><\/div><\/div><div class=\"basic-wBall basic-wBall_3\"><div class=\"basic-wInnerBall\"><\/div><\/div><div class=\"basic-wBall basic-wBall_4\"><div class=\"basic-wInnerBall\"><\/div><\/div><div class=\"basic-wBall basic-wBall_5\"><div class=\"basic-wInnerBall\"><\/div><\/div><\/div><\/div><\/div><form class=\"basic-form\"><input type=\"hidden\" name=\"_token\" value=\"f3f07f9242\" autocomplete=\"off\"><div class=\"basic-elements\"><div class=\"basic-element basic-question basic-question-text-vertical\" data-id=\"15\" data-uid=\"f33cbfa49c743ac8fd0111e57f12238a\" data-type=\"question\" data-question-type=\"text\" data-allow-multiple=\"no\" data-min=\"1\" data-max=\"1\" data-display=\"vertical\" data-colnum=\"\" data-display-others=\"no\" data-others-color=\"\" data-others=\"\"><div role=\"heading\" aria-level=\"5\" class=\"basic-question-title\" style=\"color:#000000; font-size:16px; font-weight:normal; text-align:left;\">Kommer du\/ni p\u00e5 v\u00e5r f\u00f6reningsst\u00e4mma Onsdag den 06 Maj 2026, klockan 18:30 ?<\/div><ul class=\"basic-answers\"><li class=\"basic-answer\" style=\"padding:0px 0px;\" data-id=\"58\" data-type=\"text\" data-vn=\"0\" data-color=\"#000000\" data-make-link=\"no\" data-link=\"\"><div class=\"basic-answer-content basic-text-vertical\"><label for=\"answer[58]\" class=\"basic-answer-label\"><input type=\"radio\" id=\"answer[58]\" name=\"answer[15]\" value=\"58\"  autocomplete=\"off\"><span class=\"basic-text\" style=\"color: #000000; font-size: 14px; font-weight: normal;\" tabindex=\"0\">Ja<\/span><\/label><\/div><\/li><li class=\"basic-answer\" style=\"padding:0px 0px;\" data-id=\"59\" data-type=\"text\" data-vn=\"0\" data-color=\"#000000\" data-make-link=\"no\" data-link=\"\"><div class=\"basic-answer-content basic-text-vertical\"><label for=\"answer[59]\" class=\"basic-answer-label\"><input type=\"radio\" id=\"answer[59]\" name=\"answer[15]\" value=\"59\"  autocomplete=\"off\"><span class=\"basic-text\" style=\"color: #000000; font-size: 14px; font-weight: normal;\" tabindex=\"0\">Nej<\/span><\/label><\/div><\/li><\/ul><\/div><div class=\"clearfix\"><\/div><\/div><div class=\"basic-stats text-center\"><span class=\"basic-stats-votes\"><span class=\"basic-stats-votes-number\">0<\/span><span class=\"basic-stats-votes-text\">&nbsp;r\u00f6ster<\/span><\/span><span class=\"basic-stats-separator\">&nbsp;&middot;&nbsp;<\/span><span class=\"basic-stats-answers\"><span class=\"basic-stats-answers-number\">0<\/span><span class=\"basic-stats-answers-text\">&nbsp;svarar<\/span><\/span><\/div><div class=\"basic-vote\"><a href=\"#\" class=\"button basic-vote-button\" role=\"button\" style=\"background:#ee7600; border:0px; border-style: solid; border-color:#000000; border-radius:0px; padding:5px 10px; color:#ffffff; font-size:14px; font-weight:normal;\">Vote<\/a><\/div><\/form><\/div><\/div><\/div><\/div>\n\t\t\t\t\t\t<\/div>\n<p>V\u00e4lkomna\/ Styrelsen<\/p>\n<p>&nbsp;<\/p>\n","protected":false},"excerpt":{"rendered":"<p>Datum: Onsdag den 06 Maj 2026 klockan 18:30 Plats: R\u00e4lsv\u00e4gen 6, k\u00e4llaren Dagordning f\u00f6reningsst\u00e4mma Brf H\u00f6llviksn\u00e4shusen 1.\u00a0 M\u00f6tets \u00f6ppnande 2.\u00a0 Fastst\u00e4llande av dagordning 3.\u00a0 Val av st\u00e4mmoordf\u00f6rande 4.\u00a0 Anm\u00e4lan av st\u00e4mmoordf\u00f6randens val av protokollf\u00f6rare 5.\u00a0 Val av en eller tv\u00e5 justerare tillika r\u00f6str\u00e4knare 6.\u00a0 Fr\u00e5ga om st\u00e4mman blivit stadgeenligt utlyst 7.\u00a0 Fastst\u00e4llande av r\u00f6stl\u00e4ngd 8.\u00a0 &#8230; <a title=\"Kallelse till f\u00f6reningsst\u00e4mma f\u00f6r Brf H\u00f6llviksn\u00e4shusen \u00e5ret 2025\" class=\"read-more\" href=\"https:\/\/www.hollviksnashusen.se\/index.php\/kallelse-till-foreningsstamma-for-brf-hollviksnashusen-2025\/\" aria-label=\"L\u00e4s mer om Kallelse till f\u00f6reningsst\u00e4mma f\u00f6r Brf H\u00f6llviksn\u00e4shusen \u00e5ret 2025\">L\u00e4s mer<\/a><\/p>\n","protected":false},"author":1,"featured_media":0,"parent":0,"menu_order":0,"comment_status":"closed","ping_status":"closed","template":"","meta":{"iawp_total_views":2,"footnotes":""},"class_list":["post-2841","page","type-page","status-publish"],"_links":{"self":[{"href":"https:\/\/www.hollviksnashusen.se\/index.php\/wp-json\/wp\/v2\/pages\/2841","targetHints":{"allow":["GET"]}}],"collection":[{"href":"https:\/\/www.hollviksnashusen.se\/index.php\/wp-json\/wp\/v2\/pages"}],"about":[{"href":"https:\/\/www.hollviksnashusen.se\/index.php\/wp-json\/wp\/v2\/types\/page"}],"author":[{"embeddable":true,"href":"https:\/\/www.hollviksnashusen.se\/index.php\/wp-json\/wp\/v2\/users\/1"}],"replies":[{"embeddable":true,"href":"https:\/\/www.hollviksnashusen.se\/index.php\/wp-json\/wp\/v2\/comments?post=2841"}],"version-history":[{"count":15,"href":"https:\/\/www.hollviksnashusen.se\/index.php\/wp-json\/wp\/v2\/pages\/2841\/revisions"}],"predecessor-version":[{"id":2887,"href":"https:\/\/www.hollviksnashusen.se\/index.php\/wp-json\/wp\/v2\/pages\/2841\/revisions\/2887"}],"wp:attachment":[{"href":"https:\/\/www.hollviksnashusen.se\/index.php\/wp-json\/wp\/v2\/media?parent=2841"}],"curies":[{"name":"wp","href":"https:\/\/api.w.org\/{rel}","templated":true}]}}